{"id":100,"date":"2013-06-11T14:26:56","date_gmt":"2013-06-11T14:26:56","guid":{"rendered":"http:\/\/web.ci.esapl.pt\/blg\/?page_id=100"},"modified":"2021-02-04T15:21:56","modified_gmt":"2021-02-04T15:21:56","slug":"rede-de-alunos","status":"publish","type":"page","link":"https:\/\/web.esa.ipvc.pt\/?page_id=100","title":{"rendered":"Rede de Alunos"},"content":{"rendered":"<h4 style=\"text-align: justify;\">A disponibiliza\u00e7\u00e3o de meios de acesso a utilizadores, incluindo a cria\u00e7\u00e3o e a manuten\u00e7\u00e3o das salas de utiliza\u00e7\u00e3o comum localizadas nos Claustros da Escola, rege-se por regras de utiliza\u00e7\u00e3o e funcionamento.<\/h4>\n<h4 style=\"text-align: justify;\"><strong>Funcionamento<\/strong><br \/>\n<span style=\"text-decoration: underline;\">Acesso<\/span><\/h4>\n<h4 style=\"text-align: justify;\">Os servi\u00e7os dispon\u00edveis pelo Centro Inform\u00e1tico est\u00e3o acess\u00edveis a toda a comunidade acad\u00e9mica.<\/h4>\n<h4 style=\"text-align: justify;\">Uma \u00e1rea pessoal \u00e9 v\u00e1lida por um ano. No in\u00edcio de cada ano letivo esta tem de ser renovada.<\/h4>\n<h4 style=\"text-align: justify;\"><span style=\"text-decoration: underline;\">Regras<\/span><\/h4>\n<h4 style=\"text-align: justify;\"><strong>Utiliza\u00e7\u00e3o de \u00e1reas n\u00e3o propriet\u00e1rias<\/strong><\/h4>\n<h4 style=\"text-align: justify;\">Qualquer \u00e1rea de trabalho destina-se \u00fanica e exclusivamente \u00e0 utiliza\u00e7\u00e3o do seu propriet\u00e1rio, n\u00e3o podendo ser utilizada por qualquer outra pessoa mesmo com o consentimento do utilizador que a requisitou.<\/h4>\n<h5 style=\"text-align: justify;\"><\/h5>\n","protected":false},"excerpt":{"rendered":"<p>A disponibiliza\u00e7\u00e3o de meios de acesso a utilizadores, incluindo a cria\u00e7\u00e3o e a manuten\u00e7\u00e3o das salas de utiliza\u00e7\u00e3o comum localizadas nos Claustros da Escola, rege-se por regras de utiliza\u00e7\u00e3o e funcionamento. Funcionamento Acesso Os servi\u00e7os dispon\u00edveis pelo Centro Inform\u00e1tico est\u00e3o &hellip; <a href=\"https:\/\/web.esa.ipvc.pt\/?page_id=100\">Continuar a ler <span class=\"meta-nav\">&rarr;<\/span><\/a><\/p>\n","protected":false},"author":1,"featured_media":0,"parent":91,"menu_order":0,"comment_status":"open","ping_status":"open","template":"","meta":[],"_links":{"self":[{"href":"https:\/\/web.esa.ipvc.pt\/index.php?rest_route=\/wp\/v2\/pages\/100"}],"collection":[{"href":"https:\/\/web.esa.ipvc.pt\/index.php?rest_route=\/wp\/v2\/pages"}],"about":[{"href":"https:\/\/web.esa.ipvc.pt\/index.php?rest_route=\/wp\/v2\/types\/page"}],"author":[{"embeddable":true,"href":"https:\/\/web.esa.ipvc.pt\/index.php?rest_route=\/wp\/v2\/users\/1"}],"replies":[{"embeddable":true,"href":"https:\/\/web.esa.ipvc.pt\/index.php?rest_route=%2Fwp%2Fv2%2Fcomments&post=100"}],"version-history":[{"count":11,"href":"https:\/\/web.esa.ipvc.pt\/index.php?rest_route=\/wp\/v2\/pages\/100\/revisions"}],"predecessor-version":[{"id":731,"href":"https:\/\/web.esa.ipvc.pt\/index.php?rest_route=\/wp\/v2\/pages\/100\/revisions\/731"}],"up":[{"embeddable":true,"href":"https:\/\/web.esa.ipvc.pt\/index.php?rest_route=\/wp\/v2\/pages\/91"}],"wp:attachment":[{"href":"https:\/\/web.esa.ipvc.pt\/index.php?rest_route=%2Fwp%2Fv2%2Fmedia&parent=100"}],"curies":[{"name":"wp","href":"https:\/\/api.w.org\/{rel}","templated":true}]}}